7, 109
List the prime factors of 1172329.
1172329
What are the prime factors of 430960?
2, 5, 5387
What are the prime factors of 10257695?
5, 7, 37, 89
List the prime factors of 5726356.
2, 23, 67, 929
List the prime factors of 1481195.
5, 59, 5021
What are the prime factors of 1391457?
3, 293, 1583
What are the prime factors of 475296?
2, 3, 4951
What are the prime factors of 192115?
5, 7, 11, 499
What are the prime factors of 1249120?
2, 5, 37, 211
List the prime factors of 675281.
71, 9511
What are the prime factors of 491151?
3, 53, 3089
What are the prime factors of 9018727?
9018727
List the prime factors of 2304779.
607, 3797
List the prime factors of 18553.
18553
List the prime factors of 8450378.
2, 4225189
What are the prime factors of 4968560?
2, 5, 173, 359
What are the prime factors of 319275?
3, 5, 11, 43
List the prime factors of 1376510.
2, 5, 179, 769
List the prime factors of 11556120.
2, 3, 5, 23, 53, 79
What are the prime factors of 678408?
2, 3, 23, 1229
What are the prime factors of 7768748?
2, 13, 149399
What are the prime factors of 13160812?
2, 7, 83, 809
What are the prime factors of 9641040?
2, 3, 5, 17, 139
What are the prime factors of 57378?
2, 3, 73, 131
What are the prime factors of 279271?
193, 1447
List the prime factors of 107280.
2, 3, 5, 149
List the prime factors of 3142907.
3142907
List the prime factors of 32282.
2, 16141
What are the prime factors of 641969?
641969
What are the prime factors of 8245630?
2, 5, 824563
What are the prime factors of 191124?
2, 3, 5309
What are the prime factors of 12621365?
5, 23, 109751
List the prime factors of 838853.
838853
What are the prime factors of 529613?
7, 75659
List the prime factors of 813420.
2, 3, 5, 4519
List the prime factors of 543069.
3, 83, 727
What are the prime factors of 969683?
11, 13, 6781
What are the prime factors of 194545?
5, 13, 41, 73
List the prime factors of 200684.
2, 11, 4561
What are the prime factors of 267121?
17, 19, 827
List the prime factors of 792267.
3, 7, 31, 1217
What are the prime factors of 270137?
7, 37, 149
What are the prime factors of 9941292?
2, 3, 61, 503
List the prime factors of 576627.
3, 73, 2633
List the prime factors of 991778.
2, 73, 6793
What are the prime factors of 590725?
5, 23629
List the prime factors of 10069348.
2, 349, 7213
List the prime factors of 2667979.
2667979
What are the prime factors of 1366829?
1366829
What are the prime factors of 1441169?
19, 101, 751
What are the prime factors of 5534504?
2, 691813
List the prime factors of 4552638.
2, 3, 251, 3023
What are the prime factors of 7677669?
3, 2559223
List the prime factors of 3622475.
5, 144899
What are the prime factors of 1195762?
2, 347, 1723
What are the prime factors of 560793?
3, 53, 3527
List the prime factors of 2274985.
5, 67, 6791
What are the prime factors of 109095?
3, 5, 7, 1039
List the prime factors of 768798.
2, 3, 23, 619
What are the prime factors of 653809?
13, 19, 2647
What are the prime factors of 6246774?
2, 3, 29, 3989
List the prime factors of 445179.
3, 7, 17, 29, 43
What are the prime factors of 531974?
2, 265987
List the prime factors of 27991821.
3, 11, 13, 71, 919
What are the prime factors of 22665580?
2, 5, 7, 23, 7039
List the prime factors of 1873645.
5, 374729
What are the prime factors of 1579292?
2, 11, 13, 251
List the prime factors of 2012472.
2, 3, 7, 11
What are the prime factors of 93088?
2, 2909
List the prime factors of 4236901.
83, 51047
What are the prime factors of 1475502?
2, 3, 7, 19, 43
List the prime factors of 2165181.
3, 269, 2683
List the prime factors of 506285.
5, 13, 7789
What are the prime factors of 8165189?
563, 14503
What are the prime factors of 131309?
19, 6911
What are the prime factors of 38791199?
31, 1251329
List the prime factors of 223665.
3, 5, 13, 31, 37
List the prime factors of 3703886.
2, 523, 3541
What are the prime factors of 3820149?
3, 151, 937
What are the prime factors of 318755?
5, 37, 1723
List the prime factors of 961749.
3, 106861
What are the prime factors of 1045939?
353, 2963
List the prime factors of 4797880.
2, 5, 19, 59, 107
What are the prime factors of 509803?
7, 67, 1087
List the prime factors of 165841.
13, 12757
What are the prime factors of 29860126?
2, 17, 878239
What are the prime factors of 21273003?
3, 43, 73, 251
What are the prime factors of 17028805?
5, 47, 233, 311
What are the prime factors of 26669157?
3, 8889719
List the prime factors of 2406708.
2, 3, 66853
List the prime factors of 4059340.
2, 5, 202967
List the prime factors of 1866918.
2, 3, 311153
What are the prime factors of 4321995?
3, 5, 17, 997
What are the prime factors of 180526?
2, 90263
List the prime factors of 384047.
17, 19, 29, 41
What are the prime factors of 201253?
13, 113, 137
What are the prime factors of 2632339?
2632339
List the prime factors of 152840.
2, 5, 3821
List the prime factors of 13546309.
7, 1031, 1877
What are the prime factors of 710007?
3, 29, 8161
List the prime factors of 448521.
3, 47, 3181
List the prime factors of 363228.
2, 3, 30269
What are the prime factors of 33197290?
2, 5, 7, 41, 43, 269
What are the prime factors of 1468798?
2, 457, 1607
What are the prime factors of 9783759?
3, 29, 107, 1051
List the prime factors of 4516364.
2, 73, 15467
List the prime factors of 1602538.
2, 7, 114467
List the prime factors of 2501165.
5, 500233
List the prime factors of 7367205.
3, 5, 17, 167, 173
What are the prime factors of 1476483?
3, 223, 2207
What are the prime factors of 5444452?
2, 13, 104701
What are the prime factors of 68526?
2, 3, 47
What are the prime factors of 4207152?
2, 3, 87649
List the prime factors of 1114779.
3, 181, 2053
List the prime factors of 704776.
2, 37, 2381
List the prime factors of 6131496.
2, 3, 7, 36497
List the prime factors of 19451241.
3, 103, 20983
What are the prime factors of 2785287?
3, 928429
What are the prime factors of 7579831?
7, 47, 23039
List the prime factors of 13484658.
2, 3, 11, 173, 1181
List the prime factors of 1470642.
2, 3, 245107
List the prime factors of 9176283.
3, 773, 1319
What are the prime factors of 292624?
2, 18289
What are the prime factors of 5548106?
2, 23, 29, 4159
What are the prime factors of 32176?
2, 2011
List the prime factors of 235239.
3, 19, 4127
List the prime factors of 20466157.
443, 46199
List the prime factors of 673666.
2, 7, 48119
List the prime factors of 2210568.
2, 3, 92107
What are the prime factors of 19437113?
839, 23167
What are the prime factors of 1761722?
2, 880861
What are the prime factors of 1538159?
7, 31391
What are the prime factors of 313914?
2, 3, 113, 463
List the prime factors of 55001.
55001
List the prime factors of 192066.
2, 3, 7, 17, 269
What are the prime factors of 23059638?
2, 3, 7, 197, 929
List the prime factors of 21012058.
2, 10506029
List the prime factors of 1367285.
5, 273457
What are the prime factors of 4797024?
2, 3, 107, 467
What are the prime factors of 575623?
575623
What are the prime factors of 162599?
277, 587
List the prime factors of 138617.
138617
What are the prime factors of 9603860?
2, 5, 7, 181, 379
What are the prime factors of 532464?
2, 3, 11093
What are the prime factors of 394532?
2, 53, 1861
What are the prime factors of 2291110?
2, 5, 197, 1163
List the prime factors of 1115391.
3, 371797
List the prime factors of 10566667.
103, 173, 593
List the prime factors of 16662274.
2, 8331137
List the prime factors of 291011.
7, 5939
List the prime factors of 4962573.
3, 7, 11, 31
List the prime factors of 9238509.
3, 7, 6983
What are the prime factors of 28185219?
3, 1043897
List the prime factors of 259366.
2, 41, 3163
What are the prime factors of 999070?
2, 5, 99907
What are the prime factors of 6487616?
2, 167, 607
What are the prime factors of 1581417?
3, 37, 1583
List the prime factors of 232758.
2, 3, 67, 193
List the prime factors of 76303.
76303
What are the prime factors of 730964?
2, 13, 14057
What are the prime factors of 1233832?
2, 154229
What are the prime factors of 1611635?
5, 322327
What are the prime factors of 2005473?
3, 17, 39323
What are the prime factors of 14142853?
14142853
List the prime factors of 1561162.
2, 677, 1153
List the prime factors of 11239475.
5, 13, 34583
What are the prime facto